 are the prime factors of 9286110?
2, 3, 5, 163, 211
List the prime factors of 451430.
2, 5, 7, 6449
List the prime factors of 32506309.
11, 2955119
List the prime factors of 200448.
2, 3, 29
What are the prime factors of 360726?
2, 3, 59, 1019
List the prime factors of 7192923.
3, 2397641
List the prime factors of 4095423.
3, 455047
What are the prime factors of 2003556?
2, 3, 103, 1621
List the prime factors of 307179.
3, 31, 367
What are the prime factors of 454062?
2, 3, 7, 19, 569
List the prime factors of 92310.
2, 3, 5, 17, 181
List the prime factors of 288080.
2, 5, 13, 277
What are the prime factors of 5799859?
13, 659, 677
What are the prime factors of 95830?
2, 5, 7, 37
List the prime factors of 515510.
2, 5, 51551
What are the prime factors of 1207714?
2, 17, 35521
List the prime factors of 12257099.
3259, 3761
What are the prime factors of 2947581?
3, 7, 13, 59, 61
List the prime factors of 87116.
2, 29, 751
What are the prime factors of 258500?
2, 5, 11, 47
List the prime factors of 3486684.
2, 3, 290557
List the prime factors of 294816.
2, 3, 37, 83
What are the prime factors of 950074?
2, 475037
What are the prime factors of 253976?
2, 53, 599
What are the prime factors of 632697?
3, 13, 16223
What are the prime factors of 2045032?
2, 11, 17, 1367
What are the prime factors of 24453903?
3, 8151301
List the prime factors of 552926.
2, 11, 41, 613
List the prime factors of 3619309.
353, 10253
List the prime factors of 581731.
581731
List the prime factors of 250420.
2, 5, 19, 659
What are the prime factors of 893059?
893059
List the prime factors of 7357384.
2, 337, 2729
What are the prime factors of 147149?
37, 41, 97
List the prime factors of 3622301.
1823, 1987
List the prime factors of 1261072.
2, 269, 293
List the prime factors of 3367757.
3367757
What are the prime factors of 9008479?
23, 41, 233
List the prime factors of 315111.
3, 105037
What are the prime factors of 127953?
3, 7, 677
What are the prime factors of 14692726?
2, 17, 432139
What are the prime factors of 742406?
2, 7, 19, 2791
What are the prime factors of 274527?
3, 11, 47, 59
List the prime factors of 14994860.
2, 5, 239, 3137
List the prime factors of 385696.
2, 17, 709
List the prime factors of 122973.
3, 179, 229
What are the prime factors of 1806062?
2, 29, 31139
What are the prime factors of 969258?
2, 3, 161543
List the prime factors of 589877.
589877
What are the prime factors of 19734534?
2, 3, 1096363
List the prime factors of 870692.
2, 109, 1997
What are the prime factors of 19793?
19793
List the prime factors of 195800.
2, 5, 11, 89
What are the prime factors of 2171112?
2, 3, 61, 1483
What are the prime factors of 750089?
827, 907
What are the prime factors of 905764?
2, 127, 1783
What are the prime factors of 2131887?
3, 199, 3571
What are the prime factors of 19158156?
2, 3, 19, 37, 757
List the prime factors of 14584815.
3, 5, 7, 46301
List the prime factors of 14967017.
13, 31, 37139
What are the prime factors of 987455?
5, 7, 89, 317
List the prime factors of 5668001.
71, 97, 823
List the prime factors of 1231454.
2, 7, 87961
List the prime factors of 837262.
2, 418631
What are the prime factors of 6879069?
3, 764341
What are the prime factors of 10756735?
5, 11, 257, 761
List the prime factors of 3569.
43, 83
What are the prime factors of 1582038?
2, 3, 29297
What are the prime factors of 235578?
2, 3, 7, 71, 79
List the prime factors of 3518087.
41, 53, 1619
What are the prime factors of 953222?
2, 476611
List the prime factors of 1939893.
3, 646631
List the prime factors of 960352.
2, 30011
List the prime factors of 564595.
5, 112919
What are the prime factors of 821528?
2, 103, 997
What are the prime factors of 185483?
185483
List the prime factors of 274859.
13, 21143
List the prime factors of 100602.
2, 3, 23
List the prime factors of 216876.
2, 3, 11, 31, 53
List the prime factors of 19571280.
2, 3, 5, 81547
What are the prime factors of 3899646?
2, 3, 216647
List the prime factors of 4170886.
2, 373, 5591
What are the prime factors of 8209619?
11, 746329
List the prime factors of 4376543.
97, 45119
What are the prime factors of 10734338?
2, 67, 80107
List the prime factors of 7408081.
19, 20521
What are the prime factors of 12591605?
5, 13, 307, 631
List the prime factors of 281539.
281539
List the prime factors of 675966.
2, 3, 113, 997
List the prime factors of 8199480.
2, 3, 5, 68329
List the prime factors of 125991.
3, 13999
What are the prime factors of 251211?
3, 83737
List the prime factors of 534351.
3, 178117
List the prime factors of 28169526.
2, 3, 7, 11, 23, 241
What are the prime factors of 1195424?
2, 37357
What are the prime factors of 1300667?
31, 41957
What are the prime factors of 162128?
2, 10133
List the prime factors of 3502302.
2, 3, 23, 41, 619
List the prime factors of 1185543.
3, 19, 2311
List the prime factors of 279602.
2, 139801
What are the prime factors of 432668?
2, 19, 5693
What are the prime factors of 836983?
7, 119569
List the prime factors of 81848.
2, 13, 787
What are the prime factors of 7209557?
23, 167, 1877
List the prime factors of 269077.
23, 11699
What are the prime factors of 6475937?
13, 151, 3299
What are the prime factors of 1738161?
3, 151, 1279
List the prime factors of 13763665.
5, 2752733
What are the prime factors of 15147657?
3, 7, 29, 8291
List the prime factors of 207386.
2, 97, 1069
What are the prime factors of 676312?
2, 7, 13, 929
List the prime factors of 10583.
19, 557
What are the prime factors of 1756908?
2, 3, 37, 1319
List the prime factors of 1783189.
1783189
List the prime factors of 44119.
44119
List the prime factors of 14992054.
2, 7, 11, 67, 1453
List the prime factors of 2125075.
5, 167, 509
List the prime factors of 1062050.
2, 5, 11, 1931
What are the prime factors of 3369864?
2, 3, 140411
List the prime factors of 12437974.
2, 6218987
List the prime factors of 20982923.
13, 23, 70177
What are the prime factors of 513000?
2, 3, 5, 19
List the prime factors of 20362632.
2, 3, 848443
What are the prime factors of 12776885?
5, 11, 232307
List the prime factors of 2609995.
5, 521999
What are the prime factors of 886538?
2, 31, 79, 181
What are the prime factors of 4109885?
5, 13, 53, 1193
List the prime factors of 29553.
3, 9851
List the prime factors of 4322114.
2, 17, 23, 5527
What are the prime factors of 5393605?
5, 7, 73, 2111
List the prime factors of 260306.
2, 157, 829
What are the prime factors of 4678261?
7, 71, 9413
List the prime factors of 6731405.
5, 17, 79193
List the prime factors of 2380.
2, 5, 7, 17
List the prime factors of 294217.
7, 11, 3821
List the prime factors of 161677.
107, 1511
List the prime factors of 9922594.
2, 11, 17, 43, 617
What are the prime factors of 700146?
2, 3, 97, 401
What are the prime factors of 5738305?
5, 109, 10529
List the prime factors of 12367919.
12367919
What are the prime factors of 7577427?
3, 11, 13, 17, 1039
What are the prime factors of 437780?
2, 5, 7, 53, 59
What are the prime factors of 4558326?
2, 3, 37, 20533
List the prime factors of 2789793.
3, 309977
List the prime factors of 522667.
29, 67, 269
What are the prime factors of 18459926?
2, 17, 542939
List the prime factors of 12591703.
113, 111431
List the prime factors of 466867.
41, 59, 193
List the prime factors of 405556.
2, 53, 1913
What are the prime factors of 9978754?
2, 4989377
List the prime factors of 11961930.
2, 3, 5, 398731
What are the prime factors of 1185245?
5, 223, 1063
What are the prime factors of 329868?
2, 3, 7, 11, 17
What are the prime factors of 17174118?
2, 3, 13, 16937
List the prime factors of 1354571.
1354571
What are the prime factors of 7393450?
2, 5, 67, 2207
List the prime factors of 8830304.
2, 7, 79, 499
List the prime factors of 382047.
3, 347, 367
List the prime factors of 421671.
3, 140557
What are the prime factors of 10422670?
2, 5, 1042267
What are the prime factors of 3902198?
2, 1951099
What are the prime factors of 1497194?
2, 748597
List the prime factors of 2271217.
13, 17, 43, 239
List the prime factors of 12404644.
2, 7, 19, 3331
What are the prime factors of 6182896?
2, 386431
List the prime factors of 1730760.
2, 3, 5, 14423
List the prime factors of 8738329.
197, 44357
What are the prime factor